 584?
249
Calculate the remainder when 3926 is divided by 82.
72
Calculate the remainder when 1693618 is divided by 1164.
1162
What is the remainder when 6865 is divided by 54?
7
What is the remainder when 150058 is divided by 794?
786
What is the remainder when 113987 is divided by 289?
121
What is the remainder when 13218 is divided by 1361?
969
Calculate the remainder when 21176 is divided by 4234.
6
Calculate the remainder when 7530 is divided by 976.
698
Calculate the remainder when 11530 is divided by 158.
154
What is the remainder when 911963 is divided by 12?
11
Calculate the remainder when 878 is divided by 381.
116
Calculate the remainder when 4002 is divided by 309.
294
What is the remainder when 5513 is divided by 1150?
913
What is the remainder when 1811946 is divided by 1169?
1165
Calculate the remainder when 8901 is divided by 323.
180
What is the remainder when 615179 is divided by 127?
118
What is the remainder when 15935 is divided by 15924?
11
Calculate the remainder when 9929 is divided by 1365.
374
Calculate the remainder when 357 is divided by 4.
1
What is the remainder when 2141 is divided by 16?
13
Calculate the remainder when 24405 is divided by 623.
108
Calculate the remainder when 21939 is divided by 10.
9
Calculate the remainder when 223775 is divided by 1790.
25
What is the remainder when 26938 is divided by 50?
38
What is the remainder when 1901 is divided by 1573?
328
Calculate the remainder when 373998 is divided by 935.
933
Calculate the remainder when 131935 is divided by 14653.
58
Calculate the remainder when 517445 is divided by 37.
0
Calculate the remainder when 515433 is divided by 224.
9
Calculate the remainder when 35873 is divided by 38.
1
Calculate the remainder when 7459 is divided by 1490.
9
What is the remainder when 119104 is divided by 234?
232
What is the remainder when 223045 is divided by 392?
389
Calculate the remainder when 82743 is divided by 247.
245
Calculate the remainder when 51998 is divided by 10389.
53
Calculate the remainder when 226510 is divided by 113252.
6
Calculate the remainder when 2570 is divided by 1086.
398
Calculate the remainder when 13127 is divided by 44.
15
Calculate the remainder when 48275 is divided by 2538.
53
What is the remainder when 78903 is divided by 218?
205
Calculate the remainder when 2132732 is divided by 11.
8
What is the remainder when 263225 is divided by 576?
569
Calculate the remainder when 85913 is divided by 258.
257
Calculate the remainder when 38661 is divided by 667.
642
What is the remainder when 1445 is divided by 188?
129
Calculate the remainder when 1789 is divided by 179.
178
What is the remainder when 1334 is divided by 68?
42
What is the remainder when 8309 is divided by 77?
70
What is the remainder when 43515 is divided by 14491?
42
What is the remainder when 3089 is divided by 2997?
92
Calculate the remainder when 19915 is divided by 97.
30
Calculate the remainder when 78462 is divided by 872.
854
What is the remainder when 2919 is divided by 743?
690
What is the remainder when 168940 is divided by 39?
31
What is the remainder when 3505 is divided by 47?
27
What is the remainder when 15661 is divided by 22?
19
Calculate the remainder when 17203 is divided by 738.
229
What is the remainder when 16189 is divided by 1347?
25
Calculate the remainder when 38142 is divided by 41.
12
Calculate the remainder when 12774 is divided by 3168.
102
What is the remainder when 140027 is divided by 190?
187
What is the remainder when 12771 is divided by 319?
11
Calculate the remainder when 504262 is divided by 168085.
7
Calculate the remainder when 3398319 is divided by 107.
106
What is the remainder when 279954 is divided by 187?
15
Calculate the remainder when 6042 is divided by 16.
10
What is the remainder when 1990095 is divided by 78?
3
Calculate the remainder when 153264 is divided by 141.
138
What is the remainder when 257 is divided by 72?
41
What is the remainder when 10772 is divided by 359?
2
What is the remainder when 781 is divided by 244?
49
Calculate the remainder when 41620 is divided by 257.
243
Calculate the remainder when 1028508 is divided by 301.
292
Calculate the remainder when 352220 is divided by 25.
20
What is the remainder when 2037 is divided by 655?
72
Calculate the remainder when 50552 is divided by 40.
32
Calculate the remainder when 1010237 is divided by 160.
157
Calculate the remainder when 3539 is divided by 1078.
305
Calculate the remainder when 36738 is divided by 203.
198
Calculate the remainder when 641031 is divided by 81.
78
What is the remainder when 1363 is divided by 1030?
333
Calculate the remainder when 68909 is divided by 22963.
20
Calculate the remainder when 10663 is divided by 710.
13
What is the remainder when 10364 is divided by 43?
1
What is the remainder when 13058 is divided by 1847?
129
What is the remainder when 85654 is divided by 28548?
10
Calculate the remainder when 2898 is divided by 361.
10
Calculate the remainder when 559 is divided by 134.
23
Calculate the remainder when 5248 is divided by 24.
16
What is the remainder when 9554 is divided by 955?
4
What is the remainder when 2705 is divided by 1280?
145
Calculate the remainder when 2198 is divided by 45.
38
What is the remainder when 7635 is divided by 393?
168
Calculate the remainder when 3460 is divided by 34.
26
What is the remainder when 15612 is divided by 137?
131
What is the remainder when 6324 is divided by 874?
206
Calculate the remainder when 114071 is divided by 111.
74
What is the remainder when 70849 is divided by 170?
129
Calculate the remainder when 262 is divided by 39.
28
Calculate the remainder when 202532 is divided by 161.
155
What is the remainder when 33002 is divided by 14?
4
What is the remainder when 23790 is divided by 7?
4
What is the remainder when 519 is divided by 20?
19
Calculate the remainder when 7562 is divided by 755.
12
Calculate the remainder when 3029 is divided by 2721.
308
What is the remainder when 4131 is divided by 2002?
127
Calculate the remainder when 12660 is divided by 1413.
1356
Calculate the remainder when 14798 is divided by 25.
23
Calculate the remainder when 34716 is divided by 11497.
225
Calculate the remainder when 2518815 is divided by 16.
15
What is the remainder when 11581 is divided by 525?
31
Calculate the remainder when 286531 is divided by 85.
81
Calculate the remainder when 1274 is divided by 314.
18
What is the remainder when 74055 is divided by 49?
16
What is the remainder when 46476 is divided by 66?
12
What is the remainder when 8427646 is divided by 408?
406
What is the remainder when 16789 is divided by 8232?
325
Calculate the remainder when 12467 is divided by 86.
83
Calculate the remainder when 10799 is divided by 83.
9
What is the remainder when 15933 is divided by 7921?
91
Calculate the remainder when 26947 is divided by 1176.
1075
Calculate the remainder when 175838 is divided by 29304.
14
What is the remainder when 1128803 is divided by 14?
11
What is the remainder when 4121913 is divided by 159?
156
What is the remainder when 37747 is divided by 185?
7
What is the remainder when 54907 is divided by 62?
37
What is the remainder when 14263 is divided by 66?
7
What is the remainder when 4899 is divided by 1199?
103
Calculate the remainder when 49876 is divided by 215.
211
Calculate the remainder when 14551 is divided by 1817.
15
Calculate the remainder when 6457 is divided by 799.
65
What is the remainder when 13082 is divided by 52?
30
What is the remainder when 86083 is divided by 938?
725
Calculate the remainder when 62045 is divided by 940.
5
What is the remainder when 148637 is divided by 74310?
17
Calculate the remainder when 16503 is divided by 344.
335
What is the remainder when 7847 is divided by 247?
190
Calculate the remainder when 9906 is divided by 242.
226
Calculate the remainder when 1287 is divided by 641.
5
What is the remainder when 234425 is divided by 89?
88
What is the remainder when 4713 is divided by 262?
259
What is the remainder when 76112 is divided by 19028?
0
What is the remainder when 6549 is divided by 19?
13
What is the remainder when 11110 is divided by 655?
630
What is the remainder when 427 is divided by 14?
7
Calculate the remainde